the remainder when 107 is divided by h?
52
Let k = -646 + 663. What is the remainder when 70 is divided by k?
2
Let f = 2961 + -2884. Calculate the remainder when f is divided by 41.
36
Let j(k) = -7*k**2 + 5*k - 275. Let h(p) = 8*p**2 - 6*p + 276. Let s(u) = -6*h(u) - 7*j(u). Calculate the remainder when s(0) is divided by 9.
8
Let o be ((-1556)/(-8) + 2)*(-4)/(-6). Let h = o + -58. What is the remainder when h is divided by 21?
10
Let w(v) = 31*v + 929. Calculate the remainder when w(-14) is divided by 51.
36
Suppose 0 = -6*z - 2 + 14. Suppose 29*i - 310 = -z*i. Calculate the remainder when 66 is divided by i.
6
Let a(y) = 3*y**2 - 9*y - 4. Let c = -190 + 194. What is the remainder when 35 is divided by a(c)?
3
Suppose -364 = -27*n + 95. Suppose n*w - 912 = w. What is the remainder when w is divided by 1 + -1 + (-1 - -16)?
12
Suppose -3*t - 37*w + 39*w = -1940, 0 = -4*t + w + 2575. Calculate the remainder when 3858 is divided by t.
6
Let z(a) = 280*a**2 - 28*a - 16. What is the remainder when z(-1) is divided by 104?
84
Suppose -4*i + 41 = -63. Let k(b) = b**3 - 44*b**2 - 4*b + 185. What is the remainder when i is divided by k(44)?
8
Let z = 7 + 1. Let s be 11 - (9 - (0/(-1) - -5)). Calculate the remainder when z is divided by -4 + -4 + s - -7.
2
Let t(l) = l**2 - 4*l + 5. Let a be t(0). Suppose g - a = 95. What is the remainder when g is divided by 51?
49
Suppose -15*p + 950 = 350. Let y(k) = -12*k**2 + 26 - 3*k - k**3 + 4*k**2 + 0*k**3 + 24*k. Calculate the remainder when y(-11) is divided by p.
38
Suppose -3*z - 9 = 0, -117 = -5*g + z - 2*z. Suppose -5*q - 23 + 218 = 0. Suppose 0 = -s + 181 - q. Calculate the remainder when s is divided by g.
22
Let k(c) = -4*c**3 - c**2 - 2*c + 3. Calculate the remainder when k(-3) is divided by 5*(0 - -1) + (15 - (-10)/(-1)).
8
Let j be -5 + (438/30 - (-2)/5). Calculate the remainder when (-2 - (4 - j)) + 69 is divided by 22.
7
Let y(h) = 47*h + 3699. What is the remainder when y(-48) is divided by 189?
120
Suppose -11*m - 473 = 517. Let g = m + 95. Let c(i) = -i**3 + 7*i**2 - 11. What is the remainder when c(g) is divided by 10?
9
Let q(f) = -83*f + 769. Calculate the remainder when 657 is divided by q(9).
19
Let t = -9275 + 10131. Calculate the remainder when t is divided by 427.
2
Let z(q) = q**3 + 9*q**2 + 7*q - 11. Let p(y) = -y**3 + 16*y**2 - 15*y + 28. What is the remainder when z(-5) is divided by p(15)?
26
Let s(g) = 1. Let l(x) = -3*x - 3. Let u(j) = -l(j) - 2*s(j). Calculate the remainder when u(9) is divided by (-7)/14*30*(-4)/6.
8
Suppose -d + d = -6*d + 2040. Suppose -344 = -16*i + 12*i. What is the remainder when d is divided by i?
82
Suppose 38*h + 14060 = 42066. Calculate the remainder when h is divided by 20.
17
Suppose 8*x - 48 - 24 = 0. What is the remainder when 46 + (-4 + 2)*(x + -8) is divided by 24?
20
Let h(n) = 15*n**2 - 11*n + 1. Suppose -a + 2 = -0. Suppose -y - 5 = 3*u - 77, -5*u = a*y - 120. What is the remainder when u is divided by h(1)?
4
Let o(i) = 5*i - 16. Let b be o(-10). Let w = -27 - b. What is the remainder when 41 is divided by w?
2
Suppose 3*y + 5*r = 419, -5*y + 72 = 3*r - 653. Let v = 91 - 53. What is the remainder when y is divided by v?
34
Suppose -3*z + 202 = -137. Suppose -251*y + 5492 - 1322 = -3862. What is the remainder when z is divided by y?
17
Suppose -157*r - i = -160*r + 257, 4*r = -2*i + 346. What is the remainder when 101 is divided by r?
15
Suppose -39498 = -l - 39374. What is the remainder when 160 is divided by l?
36
Let y be -1*0/((-3)/1 + 5). Suppose -2*d + 10 = y, v - 25 = -4*d + 24. What is the remainder when 135 is divided by v?
19
Let v = -16733 + 18834. What is the remainder when v is divided by 421?
417
Suppose -z + 83 + 90 = 0. Suppose -123*h + 124*h = 8*x - 344, -3*h - 64 = -2*x. Calculate the remainder when z is divided by x.
41
Let b = -7 - -8. Let j = 272 - 271. Calculate the remainder when j is divided by b.
0
Let y = 23 - 15. Suppose 217 = 46*q - 243. Calculate the remainder when q is divided by y.
2
Calculate the remainder when (-1*4 - (-345)/90) + 2343/18 is divided by 61.
8
Let d = 35 + -31. Suppose y + d*s = 51, -162 = -2*y + 4*s - 0*s. What is the remainder when y is divided by 12?
11
What is the remainder when 1079 is divided by 90*((-154)/99)/(-14)?
9
Calculate the remainder when 364 is divided by (-4)/(-2*(-16)/(-168)) - -7.
0
Suppose q + 5*u = 30, -4*q + 5*u - 1 = 4. Suppose -s + 27 = q*a - 11, -5*s + 130 = -5*a. Calculate the remainder when s is divided by 4.
0
Calculate the remainder when 103 is divided by ((-52)/78*(-2 + -4))/((-1)/(-7)).
19
Suppose 392 - 50 = 19*v. Suppose -15*r + v*r = 102. What is the remainder when 60 is divided by r?
26
Let l be (-2 - (-32)/10)/(3/20). Suppose -3*q - s + 406 = 0, 0 = 2*q - s - 273 + 9. Calculate the remainder when q is divided by 48/18*102/l.
32
Let a be 127*1/(-4) - (-16)/(-64). What is the remainder when (1*a)/(42/(-84)) is divided by 18?
10
Let n(b) = b**2 - 14*b + 49. Suppose 3*d - 5*d = 3*c - 34, -3*c + 45 = 3*d. What is the remainder when 76 is divided by n(d)?
12
Let o = 64 + -14. Suppose -q + 18 = 16, 2*v = q + 82. Calculate the remainder when o is divided by v.
8
Let m(k) = 1519*k + 9698. What is the remainder when m(-6) is divided by 12?
8
Suppose -7*o - 3 = -8*o, -4*n - o + 879 = 0. What is the remainder when n is divided by 8?
3
Let a = -26421 + 30708. What is the remainder when a is divided by 134?
133
Suppose -v - 17 = -3*r, 2*r - v = 6*r - 25. Suppose -p + 3*h = -0 - 2, 0 = 3*h - r. What is the remainder when 43 is divided by p?
3
Let z = -16 + 18. Suppose 0 = -2*k - z*k + 64. Suppose b = -5*i + 122 + 270, 5*b + 331 = 4*i. What is the remainder when i is divided by k?
15
Suppose g - n = 31 - 6, 0 = 4*g - n - 115. Suppose -2*c - 2*t = t + 364, 5*c + 3*t + 928 = 0. Let k = 266 + c. Calculate the remainder when k is divided by g.
18
Let v(b) = -60 - 3439*b - 3430*b + 6889*b. Suppose 3*a = -2*q + 22, q = -4*a + 25 - 4. What is the remainder when v(q) is divided by 15?
10
Let p(u) = u**2 + 2*u - 10. Let a be p(-7). Let c be 671/22 + (3/(-6))/1. Suppose 27*h = a*h + c. What is the remainder when 59 is divided by h?
14
Suppose -947 - 19783 = -15*w. Let q = 1398 - w. Calculate the remainder when q is divided by 2/(-8) - 41/(-4).
6
Suppose 0 = -20*o + 10*o + 50. Suppose 0 = -o*z + 91 - 81. What is the remainder when 58 is divided by z?
0
Let t(q) be the first derivative of q**4/4 - 7*q**3/3 + q**2 + 11*q - 16. Let b be t(7). Calculate the remainder when (-15)/b - 116/(-10) is divided by 2.
1
Let l(f) = 6*f - 40. Let y be l(14). Suppose -9*u = -y - 154. Calculate the remainder when u is divided by 12.
10
Let y(l) be the first derivative of 2*l**3 + l**2 + 3*l + 44. What is the remainder when y(-3) is divided by 9?
6
Suppose 0 = 5*u + 8*r - 5*r + 10, -4*u - 2*r = 6. Let n(c) = 47*c - 31. What is the remainder when n(u) is divided by (0 - -4) + 3/3?
1
Suppose -4*w + 7 = -p - 5, -4*w = p - 20. Let f be 47/p - (-2)/8. Calculate the remainder when (86*(-3)/(-9))/(f/18) is divided by 5.
3
Suppose 5*l - 48 = -t, 262*t - l = 257*t + 396. What is the remainder when 2259 is divided by t?
75
Let z(f) = 96*f - 2565. Calculate the remainder when 4561 is divided by z(27).
25
Let r = 34 - 9. Suppose -5*w = r, -4*y + 227 = -0*y - 3*w. Let k = 13 + y. Calculate the remainder when k is divided by 17.
15
Let b(t) = 4*t + 1. Let r be b(4). Suppose r = 10*h - 403. Suppose 0 = a + l - 13, -h = -4*a - 0*l + l. Calculate the remainder when a is divided by 5.
1
Suppose -4*h + 5*y = -307, 4*h - 2*y - 299 - 23 = 0. Calculate the remainder when h is divided by 25.
8
What is the remainder when 421 is divided by (5 - (3 - 6)) + 6 + -10 + 69?
56
Let t(u) = u**2 + 3*u - 17. Let a(s) be the first derivative of 9*s**2/2 - 13*s - 32. Calculate the remainder when t(12) is divided by a(6).
40
Suppose 6*j - 257 = 109. Suppose 0 = 4*x + 8, 3*x + 46 = 4*s + s. What is the remainder when j is divided by (-2)/5 + s/20 + 31?
30
Suppose -5*l + 0*y + 200 = -5*y, 3*l - 130 = -2*y. Let m(t) = 4*t - 4. Calculate the remainder when m(5) is divided by (-14)/(l/(-6)) + 8/2.
4
Let o = 1700 - 1652. Calculate the remainder when 76 is divided by o.
28
Suppose -2*w - 1 - 5 = 0. What is the remainder when ((-16)/(-10))/((-17